*l + 20 = r*l. Suppose -5*q + 9*a - 4*a = -55, -58 = -l*q + 2*a. What is the greatest common divisor of 4 and q?
4
Let f = -109 + 128. Calculate the greatest common factor of 209 and f.
19
Suppose -d = -2*r, -38 + 37 = -2*d + 3*r. What is the greatest common divisor of 46 and d?
2
Suppose -2*k + 24 + 0 = 0. Let h be (k/8 - -4)*14. Let r(t) = -t**3 - 3*t**2 - 5*t - 4. Let y be r(-3). Calculate the greatest common factor of y and h.
11
Suppose -3 = 3*l, -2*l - 429 = -4*w + 3*l. Calculate the highest common divisor of w and 2.
2
Let h(c) = 4*c**2 - 4*c. Let o be h(3). Suppose -702 = -230*f + 2888 + 5610. What is the greatest common factor of o and f?
8
Let c = 19 + -18. Suppose 0 = -2*q - 5*f + c, 4*q - 10 = f - 3*f. Suppose -q*w + 59 - 11 = 0. What is the highest common factor of 24 and w?
8
Let t be (-4)/10 - 216/(-15). Let s be 25/(-1 + 0 - -2). Let h = -11 + s. Calculate the greatest common divisor of h and t.
14
Suppose -c - 5 = 2*g, 5*c + 5*g + 9 = -1. Let n be 153/18 - (-15)/(-10). Calculate the greatest common factor of c and n.
1
Suppose -10 = 10*y - 8*y + 4*a, 0 = 3*y - a - 13. What is the highest common divisor of 41 and y?
1
Let u(w) = w**3 + 14*w**2 + 18*w + 2. Let d be u(-12). Suppose -2*h = 4*q - 34, 4*h + h = q + d. What is the greatest common divisor of h and 15?
15
Let c = 101 + -9. Let t(i) = -64*i**2 + i + c*i**2 + 5*i**2 + 111*i**2 - 1. Let f be t(1). What is the highest common factor of 18 and f?
18
Let d be (-15)/2*(-18)/27. What is the highest common factor of 445 and d?
5
Let g = -149 + 154. Suppose 0 = -5*y + 2*l + 9, -g*y - 3 = 4*l - 0. What is the greatest common divisor of 12 and y?
1
Let n = -229 - -249. What is the highest common divisor of n and 30?
10
Let m be 77*-3*(-2)/3. Let c = -1405 + 1419. Calculate the highest common factor of m and c.
14
Suppose 5*t + 4*d - 32 = 0, -4*d - 8 = -5*t - 0. Calculate the highest common divisor of 36 and t.
4
Suppose 145 = 4*d - 3*f, 135 = 3*d - 0*d + 3*f. Let y = d - 33. Calculate the highest common factor of y and 28.
7
Suppose -1 = -3*k + 23. Suppose 2*n = 3*v - 52, -3*v + k*n = 3*n - 49. What is the greatest common divisor of v and 18?
18
Suppose 13*y + 1 = 1. Suppose y = -9*g + 6*g + 12. Calculate the greatest common divisor of 2 and g.
2
Let g = -40 + 23. Let o = 5 - g. Suppose 0 + 220 = 4*p. What is the greatest common divisor of o and p?
11
Let h(q) = -5*q**2 + 5*q**2 + 0 - 4 - q**2 - 23*q**3. Let j be h(-2). Calculate the greatest common factor of j and 22.
22
Let u(x) = x**2 + 17*x - 2. Let i(k) = k**2 + 18*k - 3. Let g(m) = 5*i(m) - 6*u(m). Let w be g(-9). What is the highest common factor of w and 120?
24
Let t(g) = g**2 - 3*g - 4. Let z be t(5). Let w be (-3)/(-6) + 9/6 - -43. Let v be w*2/(4/z). Calculate the greatest common factor of v and 15.
15
Suppose 67 = 12*k - 113. What is the greatest common factor of 255 and k?
15
Suppose -91 = -17*w - 23. What is the highest common divisor of w and 128?
4
Let c(x) = 70*x**2 + x - 1. Let b be c(-1). Suppose -5*l + 2*l = -4*g + 121, -2*g = -4*l - b. What is the greatest common divisor of g and 42?
14
Let c be 36/(-21) - (-10)/(-35) - -26. Calculate the highest common factor of c and 6.
6
Let o = 1113 - 1037. Calculate the highest common factor of o and 494.
38
Suppose 0 = -3*n - 4*k + 48, 2*n = k + 4*k + 9. Let h be 2898/27 - 2/6 - 0. Let q be h + 3/2 + (-7)/14. What is the greatest common factor of q and n?
12
Let o(y) = y**3 - 19*y**2 + 2*y - 28. Let l be o(19). Let c be 1 - -36 - (l + -8). What is the highest common divisor of 70 and c?
35
Suppose -4128 = 14*f - 32422. Calculate the greatest common factor of 47 and f.
47
Let k be 4030/12 - 21/(-126). Calculate the greatest common factor of k and 448.
112
Suppose -u - 63 + 18 = 0. Let k = u - -99. Let b(m) = -5*m - 24. Let v be b(-6). What is the greatest common divisor of v and k?
6
Suppose 0 = 2*p - 8, -3*p + 5744 = 3*n - 7*p. What is the highest common factor of n and 60?
60
Let m(y) = 4 + 4*y - y**2 - y + 5*y. Suppose -3*z + 33 = -3*c, -3*z - z = 2*c - 20. Let s be m(z). Calculate the highest common divisor of 44 and s.
11
Let a be (8/3)/(5*(-3)/(-7155)). What is the highest common divisor of a and 53?
53
Suppose -2*r = 3*v - r - 482, 4*r = -v + 157. Calculate the highest common divisor of v and 14.
7
Suppose 3*z + 27 = 5*b, 2*b = -2*z + z + 2. Let y = 672 + -294. Let h be (y/12)/((-2)/z). What is the greatest common factor of h and 9?
9
Let b = -550 + 655. Suppose 31 = v + 10. Calculate the greatest common divisor of b and v.
21
Let n(s) = 45*s - 177. Let t be n(6). What is the greatest common factor of 279 and t?
93
Suppose -2*u - u + 105 = -3*o, 74 = 2*u - o. Calculate the highest common divisor of u and 195.
39
Let w be 2 + (-21 - -3) - -2. Let m = -10 - w. Let c be m/(-5)*(-5)/2. What is the highest common factor of 2 and c?
2
Suppose -j = -0*j - 3. Suppose -j*x - 2 = -2*x. Let m = 4 - x. What is the greatest common divisor of m and 12?
6
Let n = 47 + -27. Suppose -11*j + 12 = -98. Calculate the highest common factor of j and n.
10
Let c(g) be the third derivative of -g**6/120 + g**5/10 + g**4/3 + 2*g**3/3 + 3*g**2. Let o be c(7). Calculate the greatest common factor of 77 and o.
11
Suppose -2*o - 29 = -o. Let t = 47 - 15. Let v = o + t. What is the greatest common divisor of v and 33?
3
Suppose -4*s + 2*r = -8, 0 = 3*s - 2*r - 7. Suppose 23 = 3*m - s. Suppose -3*z - 119 = -2*w, -w + z + 61 = -0*w. What is the highest common factor of w and m?
8
Suppose -2*p - 43 = -5*c - 0, -3*p = 3*c - 9. Suppose 0 = 4*v - 151 + 39. Calculate the greatest common divisor of v and c.
7
Let d be 6/8*4 - 3. Suppose d = -0*z - 3*z + 288. What is the highest common divisor of z and 24?
24
Let h(m) = 12*m**2 + m + 6. Let p be h(-2). Suppose f + c - 6 = 6, 5*f - 3*c - p = 0. Suppose -40 = -f*l + 6*l. Calculate the highest common factor of 88 and l.
8
Let l(x) = -x**2 + 22*x - 2. Let r be l(11). Let v = -74 + r. Suppose n = -4*o - 2*n + 26, 3*n = 4*o - 14. What is the greatest common divisor of o and v?
5
Let x be (40/100)/((-4)/(-190)). Let v be -19*(-3)/(-6)*64/(-4). What is the highest common factor of x and v?
19
Let x = 50 + 1. What is the highest common factor of 3 and x?
3
Suppose -4*j - 53 = -a, 5*a = -3*j + 198 + 136. Suppose a = 2*d - 3. What is the highest common divisor of 272 and d?
34
Let n be (3 - 0) + (-3 + 1691)/4. What is the greatest common factor of 17 and n?
17
Suppose -4*f - 126 = -6*f. Let q = 8667 + -8646. Calculate the highest common divisor of f and q.
21
Let s(q) = 3*q + 17. Let p be s(-3). What is the greatest common divisor of p and 216?
8
Let x(q) = 15 + 12*q**2 - 9*q + 16*q + 5*q + q**3. Let t be x(-11). Calculate the greatest common divisor of t and 2.
2
Let w(k) = -2*k - 21. Let v be w(-9). Let a be 8 + (-6*2)/v. Let x be (a/(-3))/((-4)/14). What is the greatest common factor of x and 14?
14
Suppose 5*j - s - 46 = -0*s, j + 3*s - 6 = 0. Suppose 120 = -4*n + j*n. What is the highest common factor of n and 3?
3
Suppose 0 = -4*u - 78 - 42. Let q = u - -40. Calculate the greatest common divisor of q and 30.
10
Suppose -30 = j - 6*j. Let u = j - 2. What is the highest common factor of 28 and u?
4
Let h(l) = -l**3 - l + 22. Let g(c) = c + 13. Let p be g(-13). Let w be h(p). Let v = 35 - 24. Calculate the highest common divisor of w and v.
11
Let c = 204 + -140. What is the highest common divisor of 32 and c?
32
Let b(p) = p**3 + 6*p**2 + 6*p + 2. Let f be b(-4). Let t(z) = f*z - 3*z - 5*z + 11. Let h be t(0). Calculate the highest common divisor of h and 22.
11
Suppose 2 = -3*y + 14. Suppose 2*s = 5*t + 4*s + 5, -y*t = -2*s - 14. Let h be 40 + (t + -2 - 0). Calculate the highest common factor of h and 13.
13
Let r = 53 - -190. What is the highest common divisor of r and 117?
9
Let d be -4 - (-3 + 0 + -5). Let a be 16 + 128 - 1*d. Suppose h - m - 111 = -h, -5*h + 3*m = -277. What is the greatest common divisor of h and a?
28
Suppose 0 = 5*u - 3*y + 7*y - 9, 4*y = 5*u - 1. Let x be (2/u)/(10 + -9). What is the greatest common divisor of x and 2?
2
Let t = -10 - -14. Suppose 0 = -t*k + k + 120. Suppose -3*o - 184 = -6*o - 2*m, 0 = 4*o - 5*m - 230. Calculate the highest common divisor of o and k.
20
Suppose 0 = 2*a + 90 - 410. Let b be (-3)/2*(7600/30)/(-19).